3 + 19*a**2 + 47*a - 70. What is the remainder when r(20) is divided by 25?
20
Let u(l) = -103*l - 1. Let y = -157 + -128. Calculate the remainder when u(-1) is divided by 2/5 + (-3591)/y.
11
Suppose -4*n = 16, -47 = -z - 7*n + 6*n. What is the remainder when 2320 is divided by z?
25
Suppose 65*h = 74*h - 3384. Let n = -124 + h. Calculate the remainder when n is divided by 11.
10
Suppose -2817 = -65*g + 1733. Calculate the remainder when 13995 is divided by g.
65
Let y = -1402 + 1963. Calculate the remainder when y is divided by 50.
11
Let k(m) = -m**3 + 8*m**2 + 9*m - 10. Let a be (170/51)/((-2)/6). What is the remainder when k(8) is divided by (a/4 + 3)*46?
16
Let g = -655 - -446. Calculate the remainder when 2 - g - (-14 - -18) is divided by 19.
17
Let j(z) = -z**3 + 59*z**2 - 235*z + 17761. Let h be (2 - -10)*11/3. Let w = -23 + h. What is the remainder when j(60) is divided by w?
19
Let y(a) = a**2 + 7*a - 51. Let r(v) = -5*v**2 + 53*v - 17. Let m be r(10). What is the remainder when y(m) is divided by 35?
34
Let v(q) = 15*q - 2636. Calculate the remainder when 1389 is divided by v(191).
15
Calculate the remainder when (-17)/(510/(-8516)) - 4/(-30) is divided by 68.
12
Let m = 4 + -1. Suppose -m*v + h = -h - 22, h = -5*v + 41. What is the remainder when 3/7 - (-4731)/133 is divided by v?
4
Suppose -2*x + 12 = 2*r, 0*r - 2*x + 21 = 5*r. Let p(c) = 16*c + 12. Let b be p(r). Suppose -21*k = -18*k - b. What is the remainder when 58 is divided by k?
18
Let m(k) = 4*k**3 + 12*k**2 + 14*k - 13. Let l(g) = g**3 + 2*g**2 + g. Let c(r) = 6*l(r) - m(r). Calculate the remainder when c(4) is divided by 28.
25
Calculate the remainder when 2049 is divided by (-41)/4*(-16 - -8).
81
Suppose 4*f - d = 144, 7*f - 166 = 3*d + 86. What is the remainder when 63 is divided by f?
27
Suppose 10*g + 5*i - 30 = 9*g, 3*i - 150 = -3*g. What is the remainder when 273 is divided by g?
53
Suppose -3*w = 49 + 56. Let m = 2 - w. Calculate the remainder when m is divided by 5.
2
Let v be (-8)/52 - 50/13. Calculate the remainder when 41 is divided by v/8*(-29 + 1).
13
Suppose -2*t + 84*c - 86*c = -624, 3*t - 5*c = 976. What is the remainder when t is divided by 174?
143
Let v = 3464 - 1150. Calculate the remainder when 2317 is divided by v.
3
Let o be ((-94)/3)/((42/(-9))/(-7)). Let n = 50 + o. Suppose -81 = -5*c + 5*y - 26, 2*c + n*y + 3 = 0. Calculate the remainder when 19 is divided by c.
1
Let r be 2/(-9) + 568/(-36). Let v = 31 + r. Let u = -98 + 126. Calculate the remainder when u is divided by v.
13
Let f = -13 + 19. Let h = 4 - f. Let v(o) = 8*o**2 - 3*o - 7. What is the remainder when 184 is divided by v(h)?
29
Let o(m) = 3*m + 10 - 5*m + 4*m + 4*m. Calculate the remainder when o(7) is divided by 12/(-4)*(2 + 88/(-8)).
25
Suppose 0 = -3*q + n + 472, 5*q - 2*n - 459 = 326. Calculate the remainder when 4769 is divided by q.
158
Calculate the remainder when 147 is divided by -7*85/(-29 + 12).
7
Suppose 4*u + 5*j + 50 = 112, 64 = 5*u + 4*j. Suppose -q - 3*q - 4 = g, 4*q = -4. Suppose g = -5*o + 155 - 50. Calculate the remainder when o is divided by u.
5
Suppose 4*s - 125 = -6*d + 5*d, -5*s - 5*d + 160 = 0. Let a(y) = 4*y**2 - 29*y + 19. What is the remainder when a(12) is divided by s?
30
Suppose -2*v = 2*i - 44, -3*i - v + 66 = 4*v. What is the remainder when 143 is divided by i?
11
Let j = -16684 - -24592. Suppose 0 = -p - 2*t + 2646, 2*p - j = -p + 4*t. Calculate the remainder when p/33 + 0 + 2 + 1 is divided by 21.
20
Let h = -62 - -59. Let c(x) = -27*x**3 + 2*x**2 + x. Calculate the remainder when c(-1) is divided by 20/h*(-24)/16.
8
Suppose -6*l = -3481 + 223. Suppose -3*w - 2*t = -5*t - l, -8*w = 3*t - 1415. What is the remainder when w is divided by 37?
30
Let y = -464 + 473. Suppose -7*q = y*q - 512. What is the remainder when 63 is divided by q?
31
What is the remainder when 17 + (-152)/8 + 1929 is divided by 215?
207
Suppose x - 3069 = -4*j, -5*j - 5*x + 2323 = -2*j. Suppose -7*b = 228 + j. Let u = 149 + b. Calculate the remainder when 13 is divided by u.
6
Let o(r) = r**2 - 2*r + 52. Let m(c) = 2*c - 20. Let f be m(11). What is the remainder when o(0) is divided by 10*f + 8 + -10?
16
Suppose -2650*g - n = -2653*g - 7 + 158, -n = 10. Let t = 159 - 70. Calculate the remainder when t is divided by g.
42
Let y(q) = 1081*q + 2191. What is the remainder when 2388 is divided by y(-2)?
10
Let d = 6894 + -6588. What is the remainder when 40390 is divided by d?
304
Let f be (-1)/2*53 - 12/(-8). Let a be (-33 - f)/(-1*(-2)/(-7)). Suppose 4*u = 152 - a. What is the remainder when u is divided by 7?
3
Let j = -21343 - -21401. Calculate the remainder when 1230 is divided by j.
12
Let y(f) = -50*f - 6393. What is the remainder when y(-132) is divided by 11?
9
Suppose 17*s - 27000 = -19*s + 26*s. What is the remainder when s is divided by 673?
8
Let h = 2385 - 1636. Let n = 1042 - h. What is the remainder when n is divided by 33?
29
Let s = -544 - -794. What is the remainder when s is divided by (-4)/(-3) + 42/9?
4
Let t(k) = k**2 + 6*k - 15. Let x be t(-9). Suppose 9*h - x = 6. Suppose 8*r + h - 162 = 0. What is the remainder when 55 is divided by r?
15
Let h = -14 - -16. Suppose -8 = -0*d - h*d, -20 = -2*v + 4*d. Suppose f - v = 48. What is the remainder when f is divided by 23?
20
Let d = -50 + 90. Let b(w) = -w + 3. Let a be b(-2). Calculate the remainder when 42 is divided by (22/a)/(2 - d/25).
9
Let p be 6/4 + 1/2 - 0. Suppose -p*v = -v - 126. Let t = -101 - -144. What is the remainder when v is divided by t?
40
Let u = 16 + -3. Suppose -5*j + 922 = 2*s + s, -2*j - 4*s + 366 = 0. Let f = -109 + j. Calculate the remainder when f is divided by u.
11
Suppose -5*o + m + 2*m = 31, -3*o - 9 = -5*m. What is the remainder when 267 is divided by ((-10)/o)/(-6*8/(-576))?
12
Let g = 35592 + -35267. Calculate the remainder when 995 is divided by g.
20
Suppose 153*b = -59*b + 69*b + 257543. Calculate the remainder when b is divided by 34.
33
Calculate the remainder when 106 is divided by (-115)/(-690) - 299/(-6).
6
Suppose -11*l - 329 = 463. Let t = l + 131. What is the remainder when t is divided by 10?
9
Suppose 181*d + 5*m = 178*d + 13, 2*m = -d + 4. Suppose -9 - 2 = -j. Calculate the remainder when j is divided by d.
5
Let f = -2 - 0. Let n = 14160 + -14122. Calculate the remainder when n is divided by (-2 - -2) + 8 - f.
8
Suppose 8*j - 1535 = 3*j. Let h = j - 145. What is the remainder when h is divided by 15?
12
Let b be -3 - (3 + 2 + 9). Let c = b + 93. Let f = c + -27. Calculate the remainder when f is divided by 19.
11
Suppose -5*r = -r - 8. Let j = -93 - -127. What is the remainder when 55 is divided by (-2 - (j + r))*(-1)/2?
17
Let n(f) = -8*f + 5. Let c be n(-33). Let s = c + -216. What is the remainder when s is divided by 19?
15
Suppose 0 = 367*o - 374*o + 4403. What is the remainder when o is divided by 10?
9
Suppose -12*l - d - 451 = -15*l, 3*l - 2*d - 455 = 0. Suppose 5*p + a - l = 0, 3*a - 4*a + 120 = 4*p. Calculate the remainder when 83 is divided by p.
25
Let g(h) = -149*h - 134. Suppose 2*k = 5*k - 9. Suppose -5*b + 78 = k*x - 105, 4*x - b = 221. Calculate the remainder when x is divided by g(-1).
11
Let g(z) = 26*z - 90. Calculate the remainder when 281 is divided by g(13).
33
Suppose 0*c - 18 = c + j, 0 = -4*c - 5*j - 76. Let d = -12 - c. Calculate the remainder when d/5 - 4995/(-75) is divided by 14.
11
Suppose 2*p - 143 = -5*c, c + 112*p - 116*p - 11 = 0. What is the remainder when 66 is divided by c?
12
Suppose 103 = 5*g - 937. Suppose 2*u = -11*u + g. Calculate the remainder when 63 is divided by u.
15
Suppose 394 = 44*z - 442. Calculate the remainder when 2/(-9) + 3676/18 is divided by z.
14
Suppose -5*b - 15 = v, 0*v - 5*b - 40 = -4*v. Suppose 3*f + v*z = -1, 0 = -5*f + 3*z - 6 - 7. What is the remainder when 157 is divided by -12*f/(-9)*-15?
37
Let c = 357 - 333. Calculate the remainder when c is divided by ((-12)/10)/(102/(-1190)).
10
Let n(b) = 3*b**2 + 12*b + 4. Let s be n(-10). Suppose 2*p = 2 + s. Let t = p + -64. Calculate the remainder when t is divided by 6.
5
Suppose 25*k - 52 = -3*q + 26*k, 4*k = -q. What is the remainder when 240 is divided by q?
0
Suppose -11*u = -13*u + 40. Let m = u + -20. Suppose 3*k + 9*c - 5*c - 9 = m, -4*c - 33